{"id":3745,"date":"2023-09-05T08:02:15","date_gmt":"2023-09-05T08:02:15","guid":{"rendered":"https:\/\/themeholy.com\/wordpress\/test\/?page_id=3745"},"modified":"2024-12-10T04:10:21","modified_gmt":"2024-12-10T04:10:21","slug":"servicios","status":"publish","type":"page","link":"https:\/\/cormacorporativo.com.mx\/index.php\/servicios\/","title":{"rendered":"Servicios"},"content":{"rendered":"\t\t<div data-elementor-type=\"wp-page\" data-elementor-id=\"3745\" class=\"elementor elementor-3745\" data-elementor-post-type=\"page\">\n\t\t\t\t\t\t<section class=\"elementor-section elementor-top-section elementor-element elementor-element-2f9e4fd3 elementor-section-full_width elementor-section-height-default elementor-section-height-default\" data-id=\"2f9e4fd3\" data-element_type=\"section\">\n\t\t\t\t\t\t<div class=\"elementor-container elementor-column-gap-no\">\n\t\t\t\t\t<div class=\"elementor-column elementor-col-100 elementor-top-column elementor-element elementor-element-59d318c\" data-id=\"59d318c\" data-element_type=\"column\">\n\t\t\t<div class=\"elementor-widget-wrap elementor-element-populated\">\n\t\t\t\t\t\t<section class=\"elementor-section elementor-inner-section elementor-element elementor-element-6042bdfa elementor-reverse-tablet elementor-reverse-mobile elementor-section-boxed elementor-section-height-default elementor-section-height-default\" data-id=\"6042bdfa\" data-element_type=\"section\">\n\t\t\t\t\t\t<div class=\"elementor-container elementor-column-gap-no\">\n\t\t\t\t\t<div class=\"elementor-column elementor-col-50 elementor-inner-column elementor-element elementor-element-5d8ae3b9\" data-id=\"5d8ae3b9\" data-element_type=\"column\">\n\t\t\t<div class=\"elementor-widget-wrap elementor-element-populated\">\n\t\t\t\t\r\n\t\t<div class=\"elementor-element elementor-element-1e3a6950 widget_download style2 elementor-widget elementor-widget-mechondownloadbutton\" data-id=\"1e3a6950\" data-element_type=\"widget\" data-widget_type=\"mechondownloadbutton.default\">\n\t\t\t\t<div class=\"elementor-widget-container\">\n\t\t\t\t\t<div class=\"widget widget_download style2\"><h4 class=\"widget_title\">Descarga nuestro portafolio de servicios<\/h4><div class=\"donwload-media-wrap\"><div class=\"download-media\"><div class=\"download-media_icon\"><i class=\"fal fa-file-pdf\"><\/i><\/div><div class=\"download-media_info\"><h5 class=\"download-media_title\">Nuestro Brochure<\/h5><span class=\"download-media_text\">Download<\/span><\/div><a href=\"https:\/\/cormacorporativo.com.mx\/wp-content\/uploads\/2024\/12\/Portafolio-corma-corporativo-2.pdf\" class=\"download-media_btn\"><i class=\"far fa-arrow-right\"><\/i><\/a><\/div><\/div><\/div>\t\t\t\t<\/div>\n\t\t\t\t<\/div>\n\t\t\t\t\t<\/div>\n\t\t<\/div>\n\t\t\t\t<div class=\"elementor-column elementor-col-50 elementor-inner-column elementor-element elementor-element-eb0fdec\" data-id=\"eb0fdec\" data-element_type=\"column\">\n\t\t\t<div class=\"elementor-widget-wrap elementor-element-populated\">\n\t\t\t\t\t\t<div class=\"elementor-element elementor-element-2a507d8d elementor-widget elementor-widget-image\" data-id=\"2a507d8d\" data-element_type=\"widget\" data-widget_type=\"image.default\">\n\t\t\t\t<div class=\"elementor-widget-container\">\n\t\t\t\t\t\t\t\t\t\t\t\t\t\t\t<img fetchpriority=\"high\" decoding=\"async\" width=\"751\" height=\"420\" src=\"https:\/\/cormacorporativo.com.mx\/wp-content\/uploads\/2023\/09\/service_details_1-1.jpg\" class=\"attachment-large size-large wp-image-3267\" alt=\"\" srcset=\"https:\/\/cormacorporativo.com.mx\/wp-content\/uploads\/2023\/09\/service_details_1-1.jpg 803w, https:\/\/cormacorporativo.com.mx\/wp-content\/uploads\/2023\/09\/service_details_1-1-600x335.jpg 600w, https:\/\/cormacorporativo.com.mx\/wp-content\/uploads\/2023\/09\/service_details_1-1-300x168.jpg 300w, https:\/\/cormacorporativo.com.mx\/wp-content\/uploads\/2023\/09\/service_details_1-1-768x429.jpg 768w\" sizes=\"(max-width: 751px) 100vw, 751px\" \/>\t\t\t\t\t\t\t\t\t\t\t\t\t\t\t<\/div>\n\t\t\t\t<\/div>\n\t\t\t\t<div class=\"elementor-element elementor-element-1a10ec45 single-title elementor-widget elementor-widget-heading\" data-id=\"1a10ec45\" data-element_type=\"widget\" data-widget_type=\"heading.default\">\n\t\t\t\t<div class=\"elementor-widget-container\">\n\t\t\t\t\t<h3 class=\"elementor-heading-title elementor-size-default\">Nuestros servicios<\/h3>\t\t\t\t<\/div>\n\t\t\t\t<\/div>\n\t\t\t\t<div class=\"elementor-element elementor-element-4def76f9 elementor-widget elementor-widget-text-editor\" data-id=\"4def76f9\" data-element_type=\"widget\" data-widget_type=\"text-editor.default\">\n\t\t\t\t<div class=\"elementor-widget-container\">\n\t\t\t\t\t\t\t\t\t<p>Ofrecemos mantenimiento preventivo y correctivo a unidades ligeras, pesadas, semi-pesadas y de caminos en todos sus sistemas mec\u00e1nicos como:<\/p>\t\t\t\t\t\t\t\t<\/div>\n\t\t\t\t<\/div>\n\t\t\t\t<div class=\"elementor-element elementor-element-6149c2ab elementor-widget elementor-widget-mechonfeaturebox\" data-id=\"6149c2ab\" data-element_type=\"widget\" data-widget_type=\"mechonfeaturebox.default\">\n\t\t\t\t<div class=\"elementor-widget-container\">\n\t\t\t\t\t<div class=\"service-feature-wrap\"><div class=\"service-feature\"><div class=\"service-feature_icon\"><img decoding=\"async\" src=\"https:\/\/cormacorporativo.com.mx\/wp-content\/uploads\/2023\/09\/service_1_1-1-1.svg\" alt=\"service_1_1 1 1\"  \/><\/div><div class=\"service-feature_content\"><h4 class=\"service-feature_title\">Veh\u00edculos Diesel &amp; a Gasolina<\/h4><p class=\"service-feature_text\">Ofrecemos soluciones a sistemas de motor de combustion interna y externa tanto diesel como de gasolina de veh\u00edculos ligeros, hasta maquinaria pesada. \n<\/p><\/div><\/div><div class=\"service-feature\"><div class=\"service-feature_icon\"><img decoding=\"async\" src=\"https:\/\/cormacorporativo.com.mx\/wp-content\/uploads\/2023\/09\/service_2_1-1.svg\" alt=\"service_2_1 1\"  \/><\/div><div class=\"service-feature_content\"><h4 class=\"service-feature_title\">\nSistemas Mec\u00e1nicos<\/h4><p class=\"service-feature_text\">Ofrecemos soluciones a diversos problemas Mec\u00e1nicos, de suspensi\u00f3n, frenos, embragues, direcci\u00f3n, transmisi\u00f3n, mofles y escapes.<\/p><\/div><\/div><div class=\"service-feature\"><div class=\"service-feature_icon\"><img decoding=\"async\" src=\"https:\/\/cormacorporativo.com.mx\/wp-content\/uploads\/2023\/05\/battery-1-1.svg\" alt=\"battery 1 1\"  \/><\/div><div class=\"service-feature_content\"><h4 class=\"service-feature_title\">Sistemas El\u00e9ctricos<\/h4><p class=\"service-feature_text\">Ofrecemos soluci\u00f3n a diversos problemas en luces, en motor de arranque, en alternador y diversos tipos de accesorios de todo tipo de veh\u00edculos.\n<\/p><\/div><\/div><div class=\"service-feature\"><div class=\"service-feature_icon\"><img decoding=\"async\" src=\"https:\/\/cormacorporativo.com.mx\/wp-content\/uploads\/2023\/05\/electric-car-1-1-1.svg\" alt=\"electric car 1 1 1\"  \/><\/div><div class=\"service-feature_content\"><h4 class=\"service-feature_title\">Sistemas Electr\u00f3nicos<\/h4><p class=\"service-feature_text\">Computadoras, sensores,  bulbos, capacitores, instrumentos de tableros y Sistema de comunicaci\u00f3n el\u00e9ctrico y electr\u00f3nico.<\/p><\/div><\/div><div class=\"service-feature\"><div class=\"service-feature_icon\"><img decoding=\"async\" src=\"https:\/\/cormacorporativo.com.mx\/wp-content\/uploads\/2023\/05\/car-wash-1-1.svg\" alt=\"car wash 1 1\"  \/><\/div><div class=\"service-feature_content\"><h4 class=\"service-feature_title\">Sist. de aire acondicionado<\/h4><p class=\"service-feature_text\">Soluci\u00f3n a diversos problemas en compresores, evaporadores, en los econdensadores, v\u00e1lvulas, \nl\u00edneas, filtros y ventilaci\u00f3n.<\/p><\/div><\/div><div class=\"service-feature\"><div class=\"service-feature_icon\"><img decoding=\"async\" src=\"https:\/\/cormacorporativo.com.mx\/wp-content\/uploads\/2023\/09\/service_2_2-1.svg\" alt=\"service_2_2 1\"  \/><\/div><div class=\"service-feature_content\"><h4 class=\"service-feature_title\">Servicio de scanner<\/h4><p class=\"service-feature_text\">Detecci\u00f3n y correcci\u00f3n mediante scanner computarizado de fallos en sistermas el\u00e9ctricos, electr\u00f3nicos, mec\u00e1nicos, inyecci\u00f3n de diesel y gasolina.\n<\/p><\/div><\/div><\/div>\t\t\t\t<\/div>\n\t\t\t\t<\/div>\n\t\t\t\t<div class=\"elementor-element elementor-element-e62e8bf elementor-widget elementor-widget-text-editor\" data-id=\"e62e8bf\" data-element_type=\"widget\" data-widget_type=\"text-editor.default\">\n\t\t\t\t<div class=\"elementor-widget-container\">\n\t\t\t\t\t\t\t\t\t<p>En Corma Corporativo nuestro proceso de atenci\u00f3n a clientes nos permite ser muy eficientes a la hora de atender sus necesidades y brindarle soluciones adecuadas a los problemas de su veh\u00edculo.<\/p>\t\t\t\t\t\t\t\t<\/div>\n\t\t\t\t<\/div>\n\t\t\t\t<div class=\"elementor-element elementor-element-3bdea770 elementor-widget elementor-widget-mechonprocessbox\" data-id=\"3bdea770\" data-element_type=\"widget\" data-widget_type=\"mechonprocessbox.default\">\n\t\t\t\t<div class=\"elementor-widget-container\">\n\t\t\t\t\t\t\t\t\t\t<div class=\"services-process-wrapper\"><div class=\"services-process\"><div class=\"services-process_num\">01<\/div><h5 class=\"services-process_title\">Recibimos el veh\u00edculo<\/h5><p class=\"services-process_text\">Acude a nuestras instalaciones y llenamos el formulario de registro del veh\u00edculo.<\/p><\/div><div class=\"services-process\"><div class=\"services-process_num\">02<\/div><h5 class=\"services-process_title\">Revisi\u00f3n del  veh\u00edculo<\/h5><p class=\"services-process_text\">Realizamos una exhaustiva revisi\u00f3n dle veh\u00edculo para posteriormente emitir un diagn\u00f3stico.<\/p><\/div><div class=\"services-process\"><div class=\"services-process_num\">03<\/div><h5 class=\"services-process_title\">Soluci\u00f3n al problema<\/h5><p class=\"services-process_text\">Una vez autorizado el presupuesto y aceptada la orden de servicio, resolvemos el problema de su unidad.<\/p><\/div><\/div>\t\t\t\t\t\t\t\t<\/div>\n\t\t\t\t<\/div>\n\t\t\t\t<div class=\"elementor-element elementor-element-5dda56e8 elementor-widget elementor-widget-text-editor\" data-id=\"5dda56e8\" data-element_type=\"widget\" data-widget_type=\"text-editor.default\">\n\t\t\t\t<div class=\"elementor-widget-container\">\n\t\t\t\t\t\t\t\t\t<p>En Corma corporativo atendemos a nuestros clientes con la calidez y calidad que se merecen.<\/p>\t\t\t\t\t\t\t\t<\/div>\n\t\t\t\t<\/div>\n\t\t\t\t<div class=\"elementor-element elementor-element-48fc4ffe elementor-widget elementor-widget-text-editor\" data-id=\"48fc4ffe\" data-element_type=\"widget\" data-widget_type=\"text-editor.default\">\n\t\t\t\t<div class=\"elementor-widget-container\">\n\t\t\t\t\t\t\t\t\t<div class=\"row gy-30 mb-30\"><div class=\"col-xl-6\"><div><img decoding=\"async\" class=\"w-100\" src=\"https:\/\/themeholy.com\/wordpress\/malen\/wp-content\/uploads\/2023\/09\/service_inner_1.jpg\" alt=\"Service Image\" \/><\/div><\/div><div class=\"col-xl-6\"><h4 class=\"h4\">Beneficios para todos nuestros clientes<\/h4><p class=\"mb-30\">Estas son algunas ventajas de ser cliente de Corma Corporativo:<\/p><div class=\"checklist\"><ul><li>Atenci\u00f3n\u00a0 personalizada y prioridad en caso de urgencia.<\/li><li>Los mejores precios en servicio, refacciones y componentes para su veh\u00edculo.<\/li><li>Refacciones de calidad al ser distribuidores autorizados y exclusivos de algunas marcas.<\/li><\/ul><\/div><\/div><\/div>\t\t\t\t\t\t\t\t<\/div>\n\t\t\t\t<\/div>\n\t\t\t\t\t<\/div>\n\t\t<\/div>\n\t\t\t\t\t<\/div>\n\t\t<\/section>\n\t\t\t\t\t<\/div>\n\t\t<\/div>\n\t\t\t\t\t<\/div>\n\t\t<\/section>\n\t\t\t\t<\/div>\n\t\t","protected":false},"excerpt":{"rendered":"<p>Descarga nuestro portafolio de servicios Nuestro Brochure Download Nuestros servicios Ofrecemos mantenimiento preventivo y correctivo a unidades ligeras, pesadas, semi-pesadas y de caminos en todos sus sistemas mec\u00e1nicos como: Veh\u00edculos Diesel &amp; a Gasolina Ofrecemos soluciones a sistemas de motor de combustion interna y externa tanto diesel como de gasolina de veh\u00edculos ligeros, hasta maquinaria&#8230;<\/p>\n","protected":false},"author":1,"featured_media":0,"parent":0,"menu_order":0,"comment_status":"closed","ping_status":"closed","template":"template-builder.php","meta":{"footnotes":""},"class_list":["post-3745","page","type-page","status-publish","hentry"],"yoast_head":"<!-- This site is optimized with the Yoast SEO plugin v26.7 - https:\/\/yoast.com\/wordpress\/plugins\/seo\/ -->\n<title>Servicios - Corma Corporativo<\/title>\n<meta name=\"robots\" content=\"index, follow, max-snippet:-1, max-image-preview:large, max-video-preview:-1\" \/>\n<link rel=\"canonical\" href=\"https:\/\/cormacorporativo.com.mx\/index.php\/servicios\/\" \/>\n<meta property=\"og:locale\" content=\"es_ES\" \/>\n<meta property=\"og:type\" content=\"article\" \/>\n<meta property=\"og:title\" content=\"Servicios - Corma Corporativo\" \/>\n<meta property=\"og:description\" content=\"Descarga nuestro portafolio de servicios Nuestro Brochure Download Nuestros servicios Ofrecemos mantenimiento preventivo y correctivo a unidades ligeras, pesadas, semi-pesadas y de caminos en todos sus sistemas mec\u00e1nicos como: Veh\u00edculos Diesel &amp; a Gasolina Ofrecemos soluciones a sistemas de motor de combustion interna y externa tanto diesel como de gasolina de veh\u00edculos ligeros, hasta maquinaria...\" \/>\n<meta property=\"og:url\" content=\"https:\/\/cormacorporativo.com.mx\/index.php\/servicios\/\" \/>\n<meta property=\"og:site_name\" content=\"Corma Corporativo\" \/>\n<meta property=\"article:modified_time\" content=\"2024-12-10T04:10:21+00:00\" \/>\n<meta property=\"og:image\" content=\"https:\/\/cormacorporativo.com.mx\/wp-content\/uploads\/2023\/09\/service_details_1-1.jpg\" \/>\n\t<meta property=\"og:image:width\" content=\"803\" \/>\n\t<meta property=\"og:image:height\" content=\"449\" \/>\n\t<meta property=\"og:image:type\" content=\"image\/jpeg\" \/>\n<meta name=\"twitter:card\" content=\"summary_large_image\" \/>\n<meta name=\"twitter:label1\" content=\"Tiempo de lectura\" \/>\n\t<meta name=\"twitter:data1\" content=\"3 minutos\" \/>\n<script type=\"application\/ld+json\" class=\"yoast-schema-graph\">{\"@context\":\"https:\/\/schema.org\",\"@graph\":[{\"@type\":\"WebPage\",\"@id\":\"https:\/\/cormacorporativo.com.mx\/index.php\/servicios\/\",\"url\":\"https:\/\/cormacorporativo.com.mx\/index.php\/servicios\/\",\"name\":\"Servicios - Corma Corporativo\",\"isPartOf\":{\"@id\":\"https:\/\/cormacorporativo.com.mx\/#website\"},\"primaryImageOfPage\":{\"@id\":\"https:\/\/cormacorporativo.com.mx\/index.php\/servicios\/#primaryimage\"},\"image\":{\"@id\":\"https:\/\/cormacorporativo.com.mx\/index.php\/servicios\/#primaryimage\"},\"thumbnailUrl\":\"https:\/\/cormacorporativo.com.mx\/wp-content\/uploads\/2023\/09\/service_details_1-1.jpg\",\"datePublished\":\"2023-09-05T08:02:15+00:00\",\"dateModified\":\"2024-12-10T04:10:21+00:00\",\"breadcrumb\":{\"@id\":\"https:\/\/cormacorporativo.com.mx\/index.php\/servicios\/#breadcrumb\"},\"inLanguage\":\"es\",\"potentialAction\":[{\"@type\":\"ReadAction\",\"target\":[\"https:\/\/cormacorporativo.com.mx\/index.php\/servicios\/\"]}]},{\"@type\":\"ImageObject\",\"inLanguage\":\"es\",\"@id\":\"https:\/\/cormacorporativo.com.mx\/index.php\/servicios\/#primaryimage\",\"url\":\"https:\/\/cormacorporativo.com.mx\/wp-content\/uploads\/2023\/09\/service_details_1-1.jpg\",\"contentUrl\":\"https:\/\/cormacorporativo.com.mx\/wp-content\/uploads\/2023\/09\/service_details_1-1.jpg\",\"width\":803,\"height\":449},{\"@type\":\"BreadcrumbList\",\"@id\":\"https:\/\/cormacorporativo.com.mx\/index.php\/servicios\/#breadcrumb\",\"itemListElement\":[{\"@type\":\"ListItem\",\"position\":1,\"name\":\"Portada\",\"item\":\"https:\/\/cormacorporativo.com.mx\/\"},{\"@type\":\"ListItem\",\"position\":2,\"name\":\"Servicios\"}]},{\"@type\":\"WebSite\",\"@id\":\"https:\/\/cormacorporativo.com.mx\/#website\",\"url\":\"https:\/\/cormacorporativo.com.mx\/\",\"name\":\"Corma Corporativo\",\"description\":\"\",\"potentialAction\":[{\"@type\":\"SearchAction\",\"target\":{\"@type\":\"EntryPoint\",\"urlTemplate\":\"https:\/\/cormacorporativo.com.mx\/?s={search_term_string}\"},\"query-input\":{\"@type\":\"PropertyValueSpecification\",\"valueRequired\":true,\"valueName\":\"search_term_string\"}}],\"inLanguage\":\"es\"}]}<\/script>\n<!-- \/ Yoast SEO plugin. -->","yoast_head_json":{"title":"Servicios - Corma Corporativo","robots":{"index":"index","follow":"follow","max-snippet":"max-snippet:-1","max-image-preview":"max-image-preview:large","max-video-preview":"max-video-preview:-1"},"canonical":"https:\/\/cormacorporativo.com.mx\/index.php\/servicios\/","og_locale":"es_ES","og_type":"article","og_title":"Servicios - Corma Corporativo","og_description":"Descarga nuestro portafolio de servicios Nuestro Brochure Download Nuestros servicios Ofrecemos mantenimiento preventivo y correctivo a unidades ligeras, pesadas, semi-pesadas y de caminos en todos sus sistemas mec\u00e1nicos como: Veh\u00edculos Diesel &amp; a Gasolina Ofrecemos soluciones a sistemas de motor de combustion interna y externa tanto diesel como de gasolina de veh\u00edculos ligeros, hasta maquinaria...","og_url":"https:\/\/cormacorporativo.com.mx\/index.php\/servicios\/","og_site_name":"Corma Corporativo","article_modified_time":"2024-12-10T04:10:21+00:00","og_image":[{"width":803,"height":449,"url":"https:\/\/cormacorporativo.com.mx\/wp-content\/uploads\/2023\/09\/service_details_1-1.jpg","type":"image\/jpeg"}],"twitter_card":"summary_large_image","twitter_misc":{"Tiempo de lectura":"3 minutos"},"schema":{"@context":"https:\/\/schema.org","@graph":[{"@type":"WebPage","@id":"https:\/\/cormacorporativo.com.mx\/index.php\/servicios\/","url":"https:\/\/cormacorporativo.com.mx\/index.php\/servicios\/","name":"Servicios - Corma Corporativo","isPartOf":{"@id":"https:\/\/cormacorporativo.com.mx\/#website"},"primaryImageOfPage":{"@id":"https:\/\/cormacorporativo.com.mx\/index.php\/servicios\/#primaryimage"},"image":{"@id":"https:\/\/cormacorporativo.com.mx\/index.php\/servicios\/#primaryimage"},"thumbnailUrl":"https:\/\/cormacorporativo.com.mx\/wp-content\/uploads\/2023\/09\/service_details_1-1.jpg","datePublished":"2023-09-05T08:02:15+00:00","dateModified":"2024-12-10T04:10:21+00:00","breadcrumb":{"@id":"https:\/\/cormacorporativo.com.mx\/index.php\/servicios\/#breadcrumb"},"inLanguage":"es","potentialAction":[{"@type":"ReadAction","target":["https:\/\/cormacorporativo.com.mx\/index.php\/servicios\/"]}]},{"@type":"ImageObject","inLanguage":"es","@id":"https:\/\/cormacorporativo.com.mx\/index.php\/servicios\/#primaryimage","url":"https:\/\/cormacorporativo.com.mx\/wp-content\/uploads\/2023\/09\/service_details_1-1.jpg","contentUrl":"https:\/\/cormacorporativo.com.mx\/wp-content\/uploads\/2023\/09\/service_details_1-1.jpg","width":803,"height":449},{"@type":"BreadcrumbList","@id":"https:\/\/cormacorporativo.com.mx\/index.php\/servicios\/#breadcrumb","itemListElement":[{"@type":"ListItem","position":1,"name":"Portada","item":"https:\/\/cormacorporativo.com.mx\/"},{"@type":"ListItem","position":2,"name":"Servicios"}]},{"@type":"WebSite","@id":"https:\/\/cormacorporativo.com.mx\/#website","url":"https:\/\/cormacorporativo.com.mx\/","name":"Corma Corporativo","description":"","potentialAction":[{"@type":"SearchAction","target":{"@type":"EntryPoint","urlTemplate":"https:\/\/cormacorporativo.com.mx\/?s={search_term_string}"},"query-input":{"@type":"PropertyValueSpecification","valueRequired":true,"valueName":"search_term_string"}}],"inLanguage":"es"}]}},"_links":{"self":[{"href":"https:\/\/cormacorporativo.com.mx\/index.php\/wp-json\/wp\/v2\/pages\/3745","targetHints":{"allow":["GET"]}}],"collection":[{"href":"https:\/\/cormacorporativo.com.mx\/index.php\/wp-json\/wp\/v2\/pages"}],"about":[{"href":"https:\/\/cormacorporativo.com.mx\/index.php\/wp-json\/wp\/v2\/types\/page"}],"author":[{"embeddable":true,"href":"https:\/\/cormacorporativo.com.mx\/index.php\/wp-json\/wp\/v2\/users\/1"}],"replies":[{"embeddable":true,"href":"https:\/\/cormacorporativo.com.mx\/index.php\/wp-json\/wp\/v2\/comments?post=3745"}],"version-history":[{"count":53,"href":"https:\/\/cormacorporativo.com.mx\/index.php\/wp-json\/wp\/v2\/pages\/3745\/revisions"}],"predecessor-version":[{"id":5260,"href":"https:\/\/cormacorporativo.com.mx\/index.php\/wp-json\/wp\/v2\/pages\/3745\/revisions\/5260"}],"wp:attachment":[{"href":"https:\/\/cormacorporativo.com.mx\/index.php\/wp-json\/wp\/v2\/media?parent=3745"}],"curies":[{"name":"wp","href":"https:\/\/api.w.org\/{rel}","templated":true}]}}